 by 522027.
87
Calculate the remainder when 575407 is divided by 18560.
47
What is the remainder when 4971614 is divided by 59898?
80
Calculate the remainder when 2702659 is divided by 453.
61
Calculate the remainder when 27840 is divided by 5431.
685
Calculate the remainder when 74929277 is divided by 940.
937
Calculate the remainder when 66425 is divided by 6015.
260
Calculate the remainder when 3691658 is divided by 14253.
131
Calculate the remainder when 24024 is divided by 1133.
231
What is the remainder when 16055308 is divided by 309?
286
What is the remainder when 293959273 is divided by 391?
390
What is the remainder when 30600693 is divided by 588?
585
Calculate the remainder when 5448998 is divided by 1816331.
5
Calculate the remainder when 10520 is divided by 1676.
464
What is the remainder when 5321355 is divided by 988?
975
What is the remainder when 419741 is divided by 9535?
201
Calculate the remainder when 1156279 is divided by 422.
421
Calculate the remainder when 151156 is divided by 73504.
4148
Calculate the remainder when 2048009 is divided by 2118.
2021
Calculate the remainder when 2312169 is divided by 641.
82
Calculate the remainder when 16723445 is divided by 6.
5
What is the remainder when 748165 is divided by 76?
21
Calculate the remainder when 549517 is divided by 109903.
2
What is the remainder when 262868 is divided by 3982?
56
What is the remainder when 9851760 is divided by 66?
6
Calculate the remainder when 1007435 is divided by 1095.
35
What is the remainder when 625756 is divided by 634?
632
Calculate the remainder when 954984 is divided by 322.
254
Calculate the remainder when 95560 is divided by 143.
36
What is the remainder when 4041734 is divided by 1015?
4
What is the remainder when 116334058 is divided by 1020?
1018
What is the remainder when 13210229 is divided by 2982?
2951
What is the remainder when 11444408 is divided by 10756?
24
What is the remainder when 69584240 is divided by 915582?
8
What is the remainder when 327879 is divided by 2899?
292
Calculate the remainder when 10260 is divided by 764.
328
Calculate the remainder when 5296129 is divided by 4292.
4093
What is the remainder when 31349351 is divided by 1036?
1027
Calculate the remainder when 15658566 is divided by 27.
24
What is the remainder when 25440932 is divided by 44?
0
Calculate the remainder when 756725 is divided by 382.
365
What is the remainder when 195624363 is divided by 13?
12
Calculate the remainder when 285174 is divided by 2012.
1482
Calculate the remainder when 15358763 is divided by 2337.
2336
Calculate the remainder when 4243592 is divided by 98688.
8
What is the remainder when 908268 is divided by 227047?
80
What is the remainder when 399111 is divided by 1649?
53
What is the remainder when 4642114 is divided by 8549?
7
What is the remainder when 4503277 is divided by 311?
308
What is the remainder when 495243 is divided by 26064?
27
Calculate the remainder when 44425292 is divided by 517.
516
Calculate the remainder when 3003861 is divided by 17464.
53
Calculate the remainder when 2723650 is divided by 218.
176
Calculate the remainder when 196153 is divided by 65374.
31
Calculate the remainder when 506375 is divided by 2799.
2555
Calculate the remainder when 380656 is divided by 51.
43
Calculate the remainder when 6952567 is divided by 198.
193
What is the remainder when 21981 is divided by 4138?
1291
Calculate the remainder when 1552023 is divided by 1137.
18
Calculate the remainder when 17760628 is divided by 57.
55
Calculate the remainder when 242895 is divided by 242421.
474
What is the remainder when 6137273 is divided by 138?
137
What is the remainder when 5731476 is divided by 894?
42
Calculate the remainder when 3947547 is divided by 1973768.
11
What is the remainder when 46984 is divided by 5812?
488
What is the remainder when 23860 is divided by 7202?
2254
Calculate the remainder when 688484 is divided by 22763.
5594
Calculate the remainder when 8195 is divided by 4017.
161
What is the remainder when 30483 is divided by 119?
19
What is the remainder when 15402647 is divided by 4659?
4652
What is the remainder when 775251 is divided by 51639?
666
What is the remainder when 741245 is divided by 1959?
743
Calculate the remainder when 221097 is divided by 1676.
1541
Calculate the remainder when 3443402 is divided by 1232.
1194
What is the remainder when 25587 is divided by 2424?
1347
Calculate the remainder when 187270828 is divided by 414.
412
What is the remainder when 60123 is divided by 6927?
4707
Calculate the remainder when 6065045 is divided by 148.
5
What is the remainder when 934942 is divided by 21742?
36
Calculate the remainder when 32475481 is divided by 321539.
42
What is the remainder when 26314 is divided by 770?
134
Calculate the remainder when 1040790 is divided by 882.
30
Calculate the remainder when 4334028 is divided by 117.
114
What is the remainder when 7544096 is divided by 27?
26
What is the remainder when 801970 is divided by 12151?
4
What is the remainder when 57251083 is divided by 19?
17
Calculate the remainder when 13078 is divided by 720.
118
What is the remainder when 157395 is divided by 546?
147
What is the remainder when 7010051 is divided by 176?
147
What is the remainder when 233962 is divided by 109?
48
What is the remainder when 152400 is divided by 2207?
117
What is the remainder when 83952 is divided by 1353?
66
Calculate the remainder when 153906 is divided by 17099.
15
What is the remainder when 1073945 is divided by 3580?
3525
What is the remainder when 11673640 is divided by 2334722?
30
Calculate the remainder when 15637351 is divided by 161209.
78
Calculate the remainder when 484508 is divided by 34607.
10
Calculate the remainder when 318095 is divided by 397.
98
What is the remainder when 23158409 is divided by 2721?
2699
Calculate the remainder when 14090 is divided by 4695.
5
What is the remainder when 11751 is divided by 1451?
143
What is the remainder when 56922930 is divided by 5174811?
9
Calculate the remainder when 45427009 is divided by 8768.
1
Calculate the remainder when 16658945 is divided by 16658937.
8
Calculate the remainder when 208176 is divided by 663.
657
What is the remainder when 289721 is divided by 32183?
74
Calculate the remainder when 2011183 is divided by 961.
771
Calculate the remainder when 270849 is divided by 12274.
821
Calculate the remainder when 84897595 is divided by 920.
915
What is the remainder when 172838594 is divided by 71?
28
What is the remainder when 205877 is divided by 4697?
3906
Calculate the remainder when 299808 is divided by 719.
704
Calculate the remainder when 363650 is divided by 6734.
14
What is the remainder when 10226 is divided by 5003?
220
Calculate the remainder when 86336 is divided by 7837.
129
What is the remainder when 244478 is divided by 48406?
2448
Calculate the remainder when 286257 is divided by 15780.
2217
What is the remainder when 32222390 is divided by 19?
5
What is the remainder when 6642638 is divided by 337?
31
Calculate the remainder when 1118624 is divided by 20714.
68
Calculate the remainder when 1988321 is divided by 180.
41
What is the remainder when 3371103 is divided by 481573?
92
What is the remainder when 68849 is divided by 311?
118
What is the remainder when 53506 is divided by 12?
10
Calculate the remainder when 64076849 is divided by 36.
17
Calculate the remainder when 580498 is divided by 6489.
2977
What is the remainder when 68196 is divided by 33589?
1018
What is the remainder when 223850153 is divided by 3997324?
9
Calculate the remainder when 508041 is divided by 174.
135
What is the remainder when 11034079 is divided by 16?
15
What is the remainder when 55605 is divided by 12983?
3673
What is the remainder when 1384343 is divided by 99?
26
What is the remainder when 255462 is divided by 31930?
22
Calculate the remainder when 24668297 is divided by 6167036.
153
Calculate the remainder when 5294884 is divided by 240676.
12
What is the remainder when 881958 is divided by 392?
350
Calculate the remainder when 51541 is divided by 246.
127
Calculate the remainder when 1231010 is divided by 34194.
26
What is the remainder when 564904 is divided by 140899?
1308
Calculate the rem